4133236?
3
What is the ten thousands digit of 146095104?
9
What is the ten thousands digit of 8649753022?
5
What is the hundred millions digit of 210532732?
2
What is the hundreds digit of 613678437?
4
What is the millions digit of 619715659?
9
What is the ten thousands digit of 4775818961?
1
What is the millions digit of 177498446?
7
What is the hundred millions digit of 192190871?
1
What is the tens digit of 68099286?
8
What is the units digit of 55343352?
2
What is the thousands digit of 821986924?
6
What is the ten millions digit of 179300424?
7
What is the millions digit of 521785104?
1
What is the hundred thousands digit of 553834136?
8
What is the ten thousands digit of 79538658?
3
What is the units digit of 125515176?
6
What is the millions digit of 184993435?
4
What is the tens digit of 109159375?
7
What is the millions digit of 272638021?
2
What is the hundred millions digit of 1901405313?
9
What is the hundred thousands digit of 9634955?
6
What is the units digit of 278891847?
7
What is the hundred millions digit of 1425230908?
4
What is the hundred millions digit of 106141435?
1
What is the units digit of 32499380?
0
What is the hundred millions digit of 1760355603?
7
What is the tens digit of 250789982?
8
What is the units digit of 65517144?
4
What is the ten millions digit of 1310470109?
1
What is the billions digit of 2227843204?
2
What is the ten thousands digit of 226679637?
7
What is the millions digit of 93937087?
3
What is the units digit of 36166541?
1
What is the hundred millions digit of 144140600?
1
What is the ten thousands digit of 154597761?
9
What is the hundred thousands digit of 194941546?
9
What is the ten thousands digit of 249069115?
6
What is the units digit of 2925040?
0
What is the hundreds digit of 5376720070?
0
What is the thousands digit of 424210995?
0
What is the ten thousands digit of 7287197984?
9
What is the ten thousands digit of 234742552?
4
What is the tens digit of 283404485?
8
What is the ten millions digit of 2226504698?
2
What is the thousands digit of 463598962?
8
What is the units digit of 75624026?
6
What is the tens digit of 43762023?
2
What is the hundreds digit of 581383456?
4
What is the units digit of 173447842?
2
What is the ten thousands digit of 51021813?
2
What is the hundred thousands digit of 106940902?
9
What is the ten millions digit of 181007448?
8
What is the ten millions digit of 1188667870?
8
What is the hundreds digit of 37698749?
7
What is the millions digit of 2510991208?
0
What is the millions digit of 445997762?
5
What is the millions digit of 63235895?
3
What is the ten thousands digit of 526333437?
3
What is the hundred thousands digit of 676750008?
7
What is the hundred millions digit of 400502944?
4
What is the hundred thousands digit of 14544620?
5
What is the ten millions digit of 77677341?
7
What is the millions digit of 92600894?
2
What is the hundreds digit of 149230962?
9
What is the units digit of 80815950?
0
What is the millions digit of 54553632?
4
What is the ten thousands digit of 55946793?
4
What is the thousands digit of 278326271?
6
What is the hundreds digit of 1924012840?
8
What is the hundreds digit of 74881325?
3
What is the hundred millions digit of 146686389?
1
What is the units digit of 103011985?
5
What is the thousands digit of 25756611?
6
What is the hundred millions digit of 229024394?
2
What is the hundred millions digit of 874033934?
8
What is the units digit of 2037592717?
7
What is the ten millions digit of 29808445?
2
What is the ten thousands digit of 427117861?
1
What is the tens digit of 656789249?
4
What is the ten millions digit of 45830526?
4
What is the ten thousands digit of 21213698?
1
What is the millions digit of 120289631?
0
What is the ten millions digit of 85629725?
8
What is the ten thousands digit of 114429743?
2
What is the thousands digit of 83508528?
8
What is the thousands digit of 54631010?
1
What is the ten thousands digit of 1671588511?
8
What is the tens digit of 31194372?
7
What is the hundred thousands digit of 26613003?
6
What is the units digit of 21822991?
1
What is the millions digit of 174704467?
4
What is the tens digit of 245752867?
6
What is the hundred thousands digit of 972736556?
7
What is the ten millions digit of 1422794534?
2
What is the ten millions digit of 1899032197?
9
What is the millions digit of 3044720440?
4
What is the hundreds digit of 1415786131?
1
What is the ten thousands digit of 2926476292?
7
What is the hundreds digit of 229310215?
2
What is the ten millions digit of 2650637029?
5
What is the hundreds digit of 348367544?
5
What is the thousands digit of 59177790?
7
What is the hundred thousands digit of 143176675?
1
What is the ten millions digit of 632994025?
3
What is the hundred millions digit of 2156622043?
1
What is the tens digit of 416420808?
0
What is the ten thousands digit of 10606533?
0
What is the ten thousands digit of 127066060?
6
What is the thousands digit of 1296154559?
4
What is the billions digit of 5316430586?
5
What is the hundred millions digit of 989247829?
9
What is the hundreds digit of 63023312?
3
What is the units digit of 35826282?
2
What is the ten thousands digit of 715800359?
0
What is the millions digit of 36033967?
6
What is the hundreds digit of 4545188?
1
What is the hundred thousands digit of 756652221?
6
What is the hundred millions digit of 633452389?
6
What is the millions digit of 2907171050?
7
What is the millions digit of 713794067?
3
What is the ten thousands digit of 262460102?
6
What is the billions digit of 1034379145?
1
What is the millions digit of 4357812989?
7
What is the hundreds digit of 230797267?
2
What is the millions digit of 680442808?
0
What is the millions digit of 6238583068?
8
What is the hundred thousands digit of 484282843?
2
What is the hundred millions digit of 151801440?
1
What is the units digit of 145237963?
3
What is the ten thousands digit of 269206499?
0
What is the ten thousands digit of 94288532?
8
What is the tens digit of 111034636?
3
What is the millions digit of 37871535?
7
What is the ten thousands digit of 59302358?
0
What is the units digit of 6415258373?
3
What is the hundreds digit of 75909382?
3
What is the hundred thousands digit of 50680458?
6
What is the hundred millions digit of 200119641?
2
What is the hundred thousands digit of 132815753?
8
What is the thousands digit of 1989447439?
7
What is the hundred millions digit of 950455037?
9
What is the ten thousands digit of 992212465?
1
What is the units digit of 806892657?
7
What is the tens digit of 76489436?
3
What is the hundred thousands digit of 76133692?
1
What is the tens digit of 68823966?
6
What is the ten millions digit of 739400627?
3
What is the hundred thousands digit of 1997504790?
5
What is the hundred thousands digit of 36931210?
9
What is the billions digit of 1891773045?
1
What is the tens digit of 1969549481?
8
What is the ten millions digit of 163854676?
6
What is the hundred thousands digit of 259702917?
7
What is the millions digit of 99775949?
9
What is the thousands digit of 11141860?
1
What is the billions digit of 5094222393?
5
What is the thousands digit of 3084585285?
5
What is the hundreds digit of 205386642?
6
What is the hundred thousands digit of 2013340197?
3
What is the units digit of 343054296?
6
What is the thousands digit of 33931119?
1
What is the hundred thousands digit of 214954348?
9
What is the thousands digit of 1215677948?
7
What is the millions digit of 28325630?
8
What is the thousands digit of 61594018?
4
What is the millions digit of 4004392072?
4
What is the thousands digit of 76970985?
0
What is the units digit of 69889626?
6
What is the hundreds digit of 1177903295?
2
What is the tens digit of 452868107?
0
What is the units digit of 6119946758?
8
What is the millions digit of 6149587800?
9
What is the ten millions digit of 394310635?
9
What is the hundreds digit of 179403829?
8
What is the ten millions digit of 51630435?
5
What is the thousands digit of 30929084?
9
What is the millions digit of 87171842?
7
What is the millions digit of 7913308?
7
What is the hundred millions digit of 448598409?
4
What is the hundred millions digit of 132925740?
1
What is the units digit of 27177893?
3
What is